-3*d - 3181 = -5*r - 546, d = -3*r + 1595. What are the prime factors of r?
2, 5, 53
Suppose 0 = 270*s - 504561 + 111116 - 781595. What are the prime factors of s?
2, 17
Suppose j = -3*l - 85, 2*l - 16*j + 34 = -11*j. What are the prime factors of 738/l*(-26)/4*3?
13, 41
Let l(m) = 3*m**3 - 7*m**2 + 9*m - 15. Let q be l(4). Suppose w + q = -0*w. Let b = w - -142. List the prime factors of b.
41
Suppose -5*y + 4*c - 5 = 5, 0 = 2*y + 2*c - 14. Suppose -2*v + y*v = -2*v. Suppose 2*o + o + 4*b - 358 = v, -5*o + 655 = -5*b. What are the prime factors of o?
2, 3, 7
Suppose 0 = -2*f - w + 28708, -45159 + 2092 = -3*f + w. List the prime factors of f.
3, 5, 11, 29
Suppose 3*v = -3*v + 27*v - 1280832. What are the prime factors of v?
2, 953
List the prime factors of (-187912)/(-6) + 226/(-339).
2, 7, 2237
Suppose 12 - 21 = -3*c. Suppose 6*z = -4*x + 5*z + 923, -c*x + 671 = 5*z. What are the prime factors of x?
2, 29
Suppose 6*m - m = 1545. Suppose 4*g = -2*w + 1316, -5*g = w - m - 1339. List the prime factors of g.
2, 3, 5, 11
Let v be (-9792)/(-21)*(6 + 1). Suppose -87*y = -93*y + v. List the prime factors of y.
2, 17
Let g(z) = 36*z - 161. Let r be g(25). Suppose 970 = 5*p + 5*o, -o = -5*p + r + 219. List the prime factors of p.
2, 3
Suppose 3*m = -117 + 153. Suppose -20*y = -m*y - 2640. What are the prime factors of y?
2, 3, 5, 11
Let b(k) = 1990*k + 3861. What are the prime factors of b(36)?
3, 8389
List the prime factors of (2/(-5))/((-72535527)/3626775 - -20).
2, 3, 5, 199
Let w(f) = 1288*f**3 - 7*f**2 - 10*f - 3. Let l(g) = -643*g**3 + 4*g**2 + 6*g + 2. Let h(y) = 10*l(y) + 6*w(y). What are the prime factors of h(1)?
2, 11, 59
Let j(n) = -n + 1. Let z be j(-5). Let w be (5346/143)/9 - 2/13. Suppose w*d = z*d - 134. List the prime factors of d.
67
Suppose -342545 + 38633 = -42*k. What are the prime factors of k?
2, 3, 67
Let i = 320 - -188. Let c = -94 + i. What are the prime factors of c?
2, 3, 23
What are the prime factors of (1 - 2 - (32 - 5757)) + 4?
2, 179
Let d(g) = 3*g + 29*g**3 - 2*g + g - 1. Let w be (-288)/(-352) + 2/11. What are the prime factors of d(w)?
2, 3, 5
Let s(u) = u**2 + u. Let t(n) = 7*n**2 + 6*n - 3. Let j(x) = -6*s(x) + t(x). Let i be j(3). Suppose -g = i*g - 448. What are the prime factors of g?
2
Suppose 107*b + 76220 = 117*b. What are the prime factors of b?
2, 37, 103
Let u = 30809 - 3823. What are the prime factors of u?
2, 103, 131
Suppose 0 = -5*p + 7*p - r - 32561, -r - 48842 = -3*p. What are the prime factors of p?
3, 67
Let g = 8 + -4. Let b(y) be the first derivative of 23*y**2/2 + 12*y + 1796. What are the prime factors of b(g)?
2, 13
Suppose 0 = -4*b - 2*n - 54, 101*b - 5*n = 97*b - 75. What are the prime factors of (50/b)/(-5)*(-543)/(-2)?
181
Suppose 0 = -8*w - 9 + 49. Suppose 0 = 5*h - 25, 0 = -6*o + 2*o + w*h + 3307. List the prime factors of o.
7, 17
Let g be (-48)/(1/2540*15). What are the prime factors of g/(-6) + 46/(-69)?
2, 677
Suppose -3*o = -3*d + 910 + 1118, -2719 = -4*d + o. Let h = d - 419. List the prime factors of h.
2, 131
Let j(p) = -1223*p**3 + p**2 - p - 2. Let x be j(-3). List the prime factors of x/51 - (-2)/6.
2, 3
Let d(f) = 14546*f + 82. What are the prime factors of d(2)?
2, 29, 503
Suppose u + 30090 = -240*l + 241*l, 4*u = -2*l + 60174. List the prime factors of l.
30089
Let x(i) = 46*i + 45. Let t be x(14). Let a = 314 + t. Suppose -10*u - 323 = -a. What are the prime factors of u?
2, 17
Let z(l) = 45*l**2 + 37*l - 271. Suppose -x = -2*f, 74*f + 15 = 5*x + 69*f. List the prime factors of z(x).
1571
Let y(l) be the second derivative of l**4/3 + 17*l**3/6 - 21*l**2/2 - 2*l - 50. What are the prime factors of y(9)?
2, 3, 19
Let s(d) = 22*d - 112. Let i(w) = w - 2. Let z(o) = -18*i(o) + 2*s(o). What are the prime factors of z(29)?
2, 283
Suppose -20*b + 78 + 122 = 0. List the prime factors of 419 - b/(-1 - 4).
421
Suppose h - 3*a - 994 = 0, 3*h + a = -4*a + 2954. Suppose 2*f - h = -2*b, 5*b + 1361 = 5*f - 1099. What are the prime factors of f?
17, 29
Let u = 1557 + 1693. Let s = 4615 - u. What are the prime factors of s?
3, 5, 7, 13
Let g(m) = -m + 3. Let y(r) = -3*r + 2. Let t(f) = f - 1. Let l(s) = -5*t(s) - 2*y(s). Let k(d) = -g(d) - 3*l(d). List the prime factors of k(-18).
2, 3, 5
Let l = -324 - -333. List the prime factors of 2833/3 - l/27.
2, 59
Let k = 20869 + -12540. What are the prime factors of k?
8329
Let a = -608 - -108. Let y be 9/2*(-11 + -53) - 3. Let b = y - a. What are the prime factors of b?
11, 19
Suppose 4*m = -386 + 42. Let j = 98 + m. List the prime factors of j.
2, 3
Let t be (-4)/(18/(-24) - (-1)/(-4)). Suppose -64 = -t*g - 64. Suppose 0*a + 8 = -2*a, g = -5*p + 4*a + 1136. List the prime factors of p.
2, 7
Let k(a) = -17*a**2 - 12*a + 22. Let p(l) = -4*l**2 - 3*l + 6. Let s(d) = 2*k(d) - 9*p(d). What are the prime factors of s(11)?
5, 53
Suppose 0 = s - 3*j - 744, -2*j + 762 = s + j. Suppose 3*h = -4*g - h + 1504, -2*g - 3*h + s = 0. List the prime factors of g.
3, 5
Let c be (-179640)/(-252) + (-6)/7. Let d = 62 + c. What are the prime factors of d?
2, 3, 43
Let j = -21425 - -71054. List the prime factors of j.
3, 71, 233
Let j(u) = 39*u**2 - 139*u + 909. List the prime factors of j(6).
3, 17, 29
What are the prime factors of 2/20 + (-6)/10 + (-273108)/(-8)?
2, 13, 101
Suppose 13*q = -4*q + 328100. What are the prime factors of q?
2, 5, 193
Let c = 319 + -309. Suppose -c*g = -19*g + 6156. List the prime factors of g.
2, 3, 19
Let y(l) = -2. Let d(g) = 1. Let x(h) = -3*h + 9. Let w(b) = 18*d(b) + 2*x(b). Let k(c) = -w(c) + y(c). What are the prime factors of k(14)?
2, 23
Suppose -7261 = -40*k + 4179. What are the prime factors of k + -6 + 9/3?
283
Let h = -1565 - -2972. Suppose 51 + h = 6*r. List the prime factors of r.
3
Let d = 576 - 569. Let a(r) = 27*r - 10. List the prime factors of a(d).
179
Let f(h) = -1312*h + 3696. What are the prime factors of f(-10)?
2, 1051
List the prime factors of (-26424)/(-3)*(4 + (-195)/60).
2, 3, 367
Suppose -7*c = 4*c - 66. Suppose -c*j = -9*j + 144. List the prime factors of j.
2, 3
Suppose 2*h + 7546 = o + 4*o, -9 = 3*h. What are the prime factors of o/(-2)*(-8 + 45/6)?
13, 29
Suppose -14*y + 81 = -17*y. List the prime factors of 2/9 - (-5 + 8418/y).
317
What are the prime factors of 311/1*(19 + 3 - -31)?
53, 311
Suppose 108*w + 10*w - 897980 = 0. What are the prime factors of w?
2, 5, 761
Let n(w) = 4*w**2 - 106*w - 1295. What are the prime factors of n(90)?
5, 19, 227
Suppose -379 = -l - h, 5*l - 4*h - 41 - 1899 = 0. Suppose -844 = -4*v + l. What are the prime factors of v?
307
Let p = -77 + -139. Let t = p - -248. List the prime factors of t.
2
Let d = 1873 - 368. List the prime factors of ((4 + -3)*-4)/((-14)/d).
2, 5, 43
Let c = -10766 + 16084. What are the prime factors of c?
2, 2659
Let d = 7709 + 9680. What are the prime factors of d?
17389
Let g be 3/(-2 - (-1454)/724). Let s be 6/6*g/2. Suppose 6*x - s = 149. What are the prime factors of x?
5, 11
Let p(m) = -2*m**3 - 31*m**2 - 18*m + 42. Let n be p(-20). Suppose 7*u - n = 1598. List the prime factors of u.
2, 5
Let j(f) = 2*f - 21. Let b be j(12). Let l(k) = -9*k**2 + 3*k**2 + 4*k**2 - k + 5 - k**b. List the prime factors of l(-4).
41
Suppose 6*b + 193 = 1645. Let y = 2 + b. Suppose -y = -j - 61. What are the prime factors of j?
3, 61
Suppose -53 + 41 = -4*f. Suppose 5*t + 77 = 4*i - 15, 5*t = f*i - 74. Suppose i = -h + 98. List the prime factors of h.
2, 5
Let v(y) = -107*y + 2*y**2 - 28 - 8 + 62*y + 61*y. List the prime factors of v(10).
2, 3
Suppose -3*n + 3*x = -36, -20 = -n - n - 2*x. Suppose -n*m + 2468 = -2779. List the prime factors of m.
3, 53
Let z(c) = 31*c - 5. Let h be -12*(14/(-4) + 4). Let a be (h/6)/(2/(-6)). What are the prime factors of z(a)?
2, 11
Suppose -4*j + 3*j = 12. Let b be (-130)/(-6) + 8/j. Suppose -12*y + 591 + b = 0. List the prime factors of y.
3, 17
Let m = 82367 - 57231. List the prime factors of m.
2, 1571
Let j = -57 + 58. Suppose -2*x - j = 3*k, x - 9 = -3*x + 5*k. List the prime factors of (-4 + 7 + 21 + -4)/x.
2, 5
Let s be 6/4*(-6 - -4). Let i(t) = -169*t - 70. What are the prime factors of i(s)?
19, 23
Let x(q) = -185 - 101*q + 69*q + 60*q - 22. List the prime factors of x(9).
3, 5
Let h = 33 + -7. Let c = h - 24. Supp